lculate m(4).
13
Let c(m) = -m - 8. Let b(a) = 3*a + 15. Let y(d) = 2*b(d) + 5*c(d). Let o be y(5). Let j(q) = -q**3 - 5*q**2 + 2*q. Determine j(o).
-10
Let q(x) = x + 4 - 3 + 2*x - 5*x. Let y be 0 + (3 - (0 + 0)). Suppose -2*f - y*f + 5 = 0. What is q(f)?
-1
Let v(r) = -r**2 - r. Let t be v(-2). Let p(a) = 8 + 5 - a - 18 + 2. Let q be p(t). Let o(i) = 3*i**2 + i. What is o(q)?
2
Let m(j) = -j + 4. Let n(w) = -w**3 + 6*w**2 + 7*w - 8. Let t be n(7). Let s = t + 4. Determine m(s).
8
Let i(y) = 2*y**2 + 4*y - 4. Let c(h) = 3*h**2 + 5*h - 5. Let d(z) = -3*c(z) + 4*i(z). Give d(-2).
-7
Let w(q) = q - 3. Suppose -6*g + 10*g + 44 = 0. Let u = g + 17. Give w(u).
3
Let w(t) = -1. Let u(g) = g - 2. Let k(b) = u(b) - 6*w(b). Calculate k(-8).
-4
Suppose -5*r = -0*r - 5. Let g(u) = 5 + 20*u - 3 - 18*u - 3. Give g(r).
1
Let v(z) = z**2 + z. Let o be v(-2). Suppose 7*f - 15 = o*f. Let d(x) be the second derivative of -x**4/12 + x**3/3 - 2*x. Give d(f).
-3
Let n(u) = 8*u. Let i be (-9)/(3 + -6)*1. Suppose 4*w = 3*k - 5, k + 8 = -k - i*w. Give n(k).
-8
Let d(g) be the first derivative of -g**5/60 + g**4/24 + 2*g**3/3 - 13. Let a(m) be the third derivative of d(m). Let l = -7 + 10. What is a(l)?
-5
Let h(k) = k**3 - 1. Let q(o) = 3*o**3 + o**2 + 3*o - 1. Let a(w) = -4*h(w) + q(w). Suppose 0*x + x - 3 = 5*u, 2 = -2*u. What is a(x)?
9
Let q(a) be the first derivative of -a**2 - 3*a + 38. Calculate q(-4).
5
Let y(f) = 2*f + 0*f + 14 + 0*f. Determine y(-10).
-6
Suppose 0 = 3*r + 24 - 9. Let f(y) = -5*y**3 + 4*y**2 - y. Let g(h) = -14*h**3 + 12*h**2 - 4*h. Let w(l) = -17*f(l) + 6*g(l). What is w(r)?
10
Let v(y) = 6*y**2 - 28*y**3 + 3*y + 27*y**3 - 4*y + 3. Determine v(4).
31
Let d(c) = -c**2 - 9*c + 4. Let r(b) = 2*b**2 + 19*b - 9. Let s(y) = 9*d(y) + 4*r(y). Suppose 6*w - w = 25. Let a be (-10)/25 + (-23)/w. Give s(a).
0
Suppose 3*d + d + 12 = 0, -5 = -4*c + 3*d. Let s(t) = 6*t**3 + t**2. Calculate s(c).
-5
Let h(x) = -x**3 + x**2 - 1. Let d be -4*(70/(-4))/(-5). Let m = -14 - d. Determine h(m).
-1
Let y(z) = -8*z**3 + 3*z**2 + 11*z - 2. Let f(g) = -3*g**3 + g**2 + 4*g - 1. Let q(i) = -11*f(i) + 4*y(i). What is q(0)?
3
Suppose 0*n + 2*l - 3 = n, -3*l + 1 = -5*n. Let g(a) = a - 1. Calculate g(n).
0
Suppose 4*h - 12 = -5*r, 5*h = 3*r + 12 + 3. Let u(b) be the first derivative of 1 + 3*b + 4/3*b**h - 1/4*b**4 + 5/2*b**2. Calculate u(5).
3
Let k(z) = 4*z**2 - z + 1. Suppose -2 = -2*f + 8. Suppose s = -4*s + f. Determine k(s).
4
Let t(x) = 3*x - 7. Let z(a) be the third derivative of a**4/4 - 13*a**3/6 + 3*a**2. Let h(l) = -11*t(l) + 6*z(l). What is h(1)?
2
Suppose -58 = 5*m - 3*o - 4, 4*m + 45 = 3*o. Let i = m + 5. Let n(w) = -7*w - 4. Let q(d) = 4*d + 2. Let a(u) = 6*n(u) + 10*q(u). Give a(i).
4
Let u be (5/(-28) - (-9)/21)*2. Let f(b) be the second derivative of 0 - 3*b + 0*b**3 - u*b**2 + 1/20*b**5 + 1/6*b**4. Give f(1).
2
Let x = 0 + 2. Suppose -x*v - 3*v - 5 = 0. Let c be (1 + -1)/(v + -1). Let u(y) = -y**3 + y**2 + 9. Give u(c).
9
Let h be -1 - 15 - (-1 + -2). Let o = h - -12. Let p(k) = -3*k + 4*k**3 + k + k. Determine p(o).
-3
Let b(x) be the second derivative of x**4/12 - 2*x**3/3 - 23*x. What is b(3)?
-3
Suppose 0 = -3*m - 0*m - 12. Let r(c) = -c**3 - 2*c**2 + 5*c. Determine r(m).
12
Let c = -4 + 3. Let d = c + 2. Let h(f) = 3*f**3 + f**2 - 2*f + 1. Determine h(d).
3
Let r(x) = 3 + 10*x**2 - 11*x**2 - 7 - 7*x. What is r(-6)?
2
Let y(q) be the second derivative of q**5/60 + q**4/6 + q**3 + 3*q**2/2 - 4*q. Let r(o) be the first derivative of y(o). Calculate r(-4).
6
Let l(c) = c + 3. Let k(s) = -3*s + 1. Let o = -7 - -5. Let v be k(o). Let w = v - 4. What is l(w)?
6
Let l(u) be the third derivative of u**6/120 + u**5/60 - u**4/12 + 2*u**3/3 + 2*u**2. Let f be (116/(-174))/((2/(-9))/(-1)). Determine l(f).
-8
Let s(r) = r**3 - r**2. Let z(a) = -7*a**3 + 11*a**2 + 5*a - 9. Let f(u) = 6*s(u) + z(u). Give f(6).
-15
Let k(c) = -1. Let p(y) = -10*y - 6. Let a(t) = t**3 - 5*t**2 + t - 6. Let m be a(5). Let s(z) = m*p(z) + 5*k(z). What is s(1)?
11
Let h(t) = 4. Let y(o) = -o + 11. Let m(x) = -11*h(x) + 4*y(x). Give m(2).
-8
Let z(i) = 6*i**2 - i. Let j = 9 - 7. Suppose -3*g + 0*g - 16 = -4*n, -n = -j*g - 9. Give z(n).
5
Let n be (-77)/22 - 1/(-2). Let v(q) = 7*q + 3. Determine v(n).
-18
Let u(c) = 3*c**2 + c. Let h be u(-1). Let l(q) = 7 - 11*q + q**2 - h*q**2 + 6*q. Suppose 3 = -3*k, -3*z + z = -3*k + 9. Calculate l(z).
1
Let u(w) be the third derivative of 5/24*w**4 + 0 + 3*w**2 + 0*w + 1/3*w**3 - 1/15*w**5 - 1/120*w**6. What is u(-5)?
2
Let m(w) = -3*w - 1. Let l(b) = -b. Let d(q) = -7*l(q) + 3*m(q). Let u = 1 - 1. Suppose 5*i + 3*s = s - 16, -2*i - 4*s = u. What is d(i)?
5
Let a(g) = g**2 + 6*g. Let w be a(-6). Suppose w = 4*d - 9*d. Let r(t) = -t**2 - 3*t + 1. Let u(z) = -z**2 - 2*z + 2. Let b(k) = -2*r(k) + 3*u(k). Give b(d).
4
Let q(b) be the first derivative of b**3/3 + 9*b**2/2 - 8*b - 9. What is q(-9)?
-8
Let b = -5 - 4. Let o be (-20)/b + 8/(-36). Let p be (0 + -1)*(o + -3). Let x(v) = -4*v**3 + v**2 - 2*v + 1. What is x(p)?
-4
Let n(t) be the third derivative of 1/24*t**4 + 0 - 1/120*t**5 - 2/3*t**3 + 0*t - 4*t**2. Let k(a) be the first derivative of n(a). Give k(-1).
2
Let s(c) = -2*c + 3. Suppose 3*x = 3*t + 48, 3*t + t - x = -76. Let m be 2/(-1 - t/12). Calculate s(m).
-3
Let g(d) = 2*d + 4. Let a(m) be the first derivative of m - 1. Let t(k) = 3*a(k) - g(k). Let n be 6/(-4)*8/3. Give t(n).
7
Let g(t) = 0*t**2 + 4*t**2 - 3*t**3 - 4*t**2 - t**2. Determine g(-2).
20
Let p(q) = q**3 - q**2 - 3*q - 3. Let c(k) = k**3 - k - 1. Let u(x) = 3*c(x) - p(x). Let l be (-2)/((2 + 2)/2). Determine u(l).
-1
Let d be (1/(-2 - -3))/((-2)/(-14)). Let f(u) = -u**3 + 7*u**2 - 9. Give f(d).
-9
Let x(b) = -2*b + 9. Let f be 76/12 - 1/3. Determine x(f).
-3
Let j = 3 - 1. Suppose j*c = -c - 18. Let z(q) = -2*q - 2. Calculate z(c).
10
Suppose -q - 5*w = 2*q + 37, 3*q = 3*w + 3. Let z(j) = 0*j + 0 + 4*j + 2*j**2 - j**2 - 10 + 6. What is z(q)?
-4
Let z(n) = -4*n**2 + 25*n - 9. Let w(y) = y**2 - 6*y + 2. Let l(t) = 9*w(t) + 2*z(t). Suppose 0 = -3*b + 9, -4 = -4*r + 4*b + 4. Give l(r).
5
Let t = 68 + -68. Let d(x) = -x**2 + 20. Determine d(t).
20
Let x(b) = b**2 - 2*b + 2. Let z = 9 + -8. Suppose -w + 4 - z = 0. Calculate x(w).
5
Let j(p) = -5*p - 1. Suppose -3*c - 23 = -2*g, 2*g - 5*c - 33 = -0*g. Let v = g + -3. Determine j(v).
-6
Let u(k) = 2*k - 11. Let l(w) = 7*w - 6. Let x be l(2). Determine u(x).
5
Let d(y) = -8 - y**2 + 20 + 2 - 5*y - 8. Determine d(-5).
6
Let d be ((-4)/(-3))/(2/9). Let c(j) = 5*j - 3. Let b(p) = 14*p - 9. Let s(k) = 3*b(k) - 8*c(k). What is s(d)?
9
Suppose -2*f + 0 = -8. Suppose -4*s - 5*k + 20 = s, -s + 2*k + f = 0. Let p(a) be the first derivative of -a**3/3 + 5*a**2/2 + 2*a + 2. What is p(s)?
6
Let v(h) = 7*h**3 + 4*h**2 - h. Let s(d) = 15*d**3 + 9*d**2 - 2*d. Let f(z) = 4*s(z) - 9*v(z). Calculate f(1).
-2
Suppose -4*n + 27 - 51 = 0. Let a(x) = -4*x + 3. Determine a(n).
27
Let i be ((-9)/(-6))/((-3)/(-6)). Let m be i + 0/(-2 + 5). Let n(g) = -6*g + 4. What is n(m)?
-14
Let b(z) be the second derivative of 1/12*z**4 + 0 - 1/60*z**5 + z + 0*z**2 - 1/720*z**6 + 0*z**3. Let p(g) be the third derivative of b(g). Determine p(-1).
-1
Let x(a) = -a**2 + 6*a + 1. Suppose -4*z + 3*q + 12 = -0*q, -z + 2*q = -3. Determine x(z).
10
Suppose -2*z - 7 = 13. Let b be 6/z - 39/(-15). Let d(o) = -6*o. Give d(b).
-12
Let y(f) be the first derivative of 1 - 7*f + 1/2*f**2. Give y(5).
-2
Let g(u) be the first derivative of -u**3/3 - 5*u**2/2 + 5*u + 7. Calculate g(-5).
5
Let m(n) = -n**3 - 4*n**2 - 4*n - 3. Let y be m(-3). Let v(z) = z**3 - z**2 + 9. Determine v(y).
9
Let m(r) = -3*r + 2. Suppose -5*i + 5*u - 50 = 0, i = -0*i - 4*u + 5. Let f = i - -10. What is m(f)?
-7
Let f = -3 + 6. Let t(h) = -3*h - h**f + 2*h + 9 + 2*h - 2*h. What is t(0)?
9
Let f = -5 + 2. Let g = f - -4. Let k(u) = 8*u**2 - 2*u + u - u**2 + 2*u. Calculate k(g).
8
Let p(u) = 2*u + u**2 - 10 + 2 + 5. Determine p(-4).
5
Let n(c) = c**2 + 7*c + 2. Let o(q) = 4*q + 3. Let l = -5 + 10. Let f(k) = 7*k + 6. Let b(t) = l*o(t) - 3*f(t). Let s be b(3). Calculate n(s).
-4
Let r = -20 + 25. Let d(s) = -s**3 - 4*s**2 + 4*s + 2. Let x(z) = 2*z**3 + 3*z**2 - 4*z - 1. Let b(k) = -3*d(k) - 2*x(k). Determine b(r).
